{"id":39,"date":"2017-10-10T10:56:25","date_gmt":"2017-10-10T08:56:25","guid":{"rendered":"http:\/\/sp1.zielonka.pl\/sp1\/?page_id=39"},"modified":"2026-02-10T14:05:24","modified_gmt":"2026-02-10T13:05:24","slug":"dla-rodzicow","status":"publish","type":"page","link":"https:\/\/sp1.zielonka.pl\/index.php\/aktualnosci\/dla-rodzicow\/","title":{"rendered":"DLA RODZIC\u00d3W"},"content":{"rendered":"<ul>\n<li><a href=\"http:\/\/sp1.zielonka.pl\/wp-content\/uploads\/2020\/06\/Podanie.pdf\">Podanie<\/a><\/li>\n<li><a href=\"http:\/\/sp1.zielonka.pl\/index.php\/aktualnosci\/dla-rodzicow\/dokumenty-do-pobrania\/\">Dokumenty do pobrania<\/a><\/li>\n<li><a href=\"http:\/\/sp1.zielonka.pl\/wp-content\/uploads\/2024\/09\/Kalendarz-roku-szkolnego_2024_2025-1.pdf\">Kalendarz roku szkolnego_2024_2025<\/a><\/li>\n<li><a href=\"http:\/\/sp1.zielonka.pl\/wp-content\/uploads\/2024\/09\/TERMINARZ-SPOTKAN-Z-RODZICAMI-w-roku-szkolnym-2024_2025-1.pdf\">TERMINARZ SPOTKA\u0143 Z RODZICAMI w roku szkolnym 2024_2025<\/a><\/li>\n<li><a href=\"http:\/\/sp1.zielonka.pl\/index.php\/aktualnosci\/dla-rodzicow\/niezbednik-rodzina\/\">Niezb\u0119dnik rodzica<\/a><\/li>\n<li><a href=\"http:\/\/sp1.zielonka.pl\/index.php\/aktualnosci\/dla-rodzicow\/godziny-dostepnosci-nauczycieli\/\">Godziny dost\u0119pno\u015bci nauczycieli<\/a><\/li>\n<li><a href=\"http:\/\/sp1.zielonka.pl\/wp-content\/uploads\/2023\/09\/RADA-RODZICOW-2023_2024.pdf\">RADA RODZIC\u00d3W 2023_2024<\/a><\/li>\n<li><a href=\"http:\/\/sp1.zielonka.pl\/index.php\/aktualnosci\/dla-rodzicow\/regulamin-rady-rodzicow\/\">Regulamin rady rodzic\u00f3w<\/a><\/li>\n<li><a href=\"http:\/\/sp1.zielonka.pl\/index.php\/aktualnosci\/dla-rodzicow\/stolowka\/\">Sto\u0142\u00f3wka<\/a><\/li>\n<\/ul>\n\n","protected":false},"excerpt":{"rendered":"<p>Podanie Dokumenty do pobrania Kalendarz roku szkolnego_2024_2025 TERMINARZ SPOTKA\u0143 Z RODZICAMI w roku szkolnym 2024_2025 Niezb\u0119dnik rodzica Godziny dost\u0119pno\u015bci nauczycieli RADA RODZIC\u00d3W 2023_2024 Regulamin rady rodzic\u00f3w Sto\u0142\u00f3wka<\/p>\n","protected":false},"author":1,"featured_media":0,"parent":24,"menu_order":0,"comment_status":"closed","ping_status":"closed","template":"","meta":[],"_links":{"self":[{"href":"https:\/\/sp1.zielonka.pl\/index.php\/wp-json\/wp\/v2\/pages\/39"}],"collection":[{"href":"https:\/\/sp1.zielonka.pl\/index.php\/wp-json\/wp\/v2\/pages"}],"about":[{"href":"https:\/\/sp1.zielonka.pl\/index.php\/wp-json\/wp\/v2\/types\/page"}],"author":[{"embeddable":true,"href":"https:\/\/sp1.zielonka.pl\/index.php\/wp-json\/wp\/v2\/users\/1"}],"replies":[{"embeddable":true,"href":"https:\/\/sp1.zielonka.pl\/index.php\/wp-json\/wp\/v2\/comments?post=39"}],"version-history":[{"count":18,"href":"https:\/\/sp1.zielonka.pl\/index.php\/wp-json\/wp\/v2\/pages\/39\/revisions"}],"predecessor-version":[{"id":17837,"href":"https:\/\/sp1.zielonka.pl\/index.php\/wp-json\/wp\/v2\/pages\/39\/revisions\/17837"}],"up":[{"embeddable":true,"href":"https:\/\/sp1.zielonka.pl\/index.php\/wp-json\/wp\/v2\/pages\/24"}],"wp:attachment":[{"href":"https:\/\/sp1.zielonka.pl\/index.php\/wp-json\/wp\/v2\/media?parent=39"}],"curies":[{"name":"wp","href":"https:\/\/api.w.org\/{rel}","templated":true}]}}