{"id":9280,"date":"2021-12-12T20:49:27","date_gmt":"2021-12-12T19:49:27","guid":{"rendered":"http:\/\/sp1.zielonka.pl\/?page_id=9280"},"modified":"2021-12-12T22:26:12","modified_gmt":"2021-12-12T21:26:12","slug":"technika","status":"publish","type":"page","link":"http:\/\/sp1.zielonka.pl\/index.php\/technika\/","title":{"rendered":"Technika"},"content":{"rendered":"\n<p>Kliknij \u017ceby wr\u00f3ci\u0107 do <a href=\"http:\/\/sp1.zielonka.pl\/index.php\/wymagania-na-poszczegolne-oceny\/\">listy przedmiot\u00f3w<\/a><br \/><a href=\"http:\/\/sp1.zielonka.pl\/wp-content\/uploads\/2021\/12\/Technika-przedmiotowe-zasady-oceniania.pdf\">Technika-przedmiotowe zasady oceniania<\/a> <br \/><a href=\"http:\/\/sp1.zielonka.pl\/wp-content\/uploads\/2021\/12\/Technika-wymagania-edukacyjne-na-poszczegolne-oceny-dla-klasy-czwartej.pdf\">Technika-wymagania edukacyjne na poszczeg\u00f3lne oceny dla klasy czwartej<\/a><br \/><br \/><\/p>\n","protected":false},"excerpt":{"rendered":"<p>Kliknij \u017ceby wr\u00f3ci\u0107 do listy przedmiot\u00f3wTechnika-przedmiotowe zasady oceniania Technika-wymagania edukacyjne na poszczeg\u00f3lne oceny dla klasy czwartej<\/p>\n","protected":false},"author":4,"featured_media":0,"parent":0,"menu_order":0,"comment_status":"closed","ping_status":"closed","template":"","meta":[],"_links":{"self":[{"href":"http:\/\/sp1.zielonka.pl\/index.php\/wp-json\/wp\/v2\/pages\/9280"}],"collection":[{"href":"http:\/\/sp1.zielonka.pl\/index.php\/wp-json\/wp\/v2\/pages"}],"about":[{"href":"http:\/\/sp1.zielonka.pl\/index.php\/wp-json\/wp\/v2\/types\/page"}],"author":[{"embeddable":true,"href":"http:\/\/sp1.zielonka.pl\/index.php\/wp-json\/wp\/v2\/users\/4"}],"replies":[{"embeddable":true,"href":"http:\/\/sp1.zielonka.pl\/index.php\/wp-json\/wp\/v2\/comments?post=9280"}],"version-history":[{"count":3,"href":"http:\/\/sp1.zielonka.pl\/index.php\/wp-json\/wp\/v2\/pages\/9280\/revisions"}],"predecessor-version":[{"id":9372,"href":"http:\/\/sp1.zielonka.pl\/index.php\/wp-json\/wp\/v2\/pages\/9280\/revisions\/9372"}],"wp:attachment":[{"href":"http:\/\/sp1.zielonka.pl\/index.php\/wp-json\/wp\/v2\/media?parent=9280"}],"curies":[{"name":"wp","href":"https:\/\/api.w.org\/{rel}","templated":true}]}}