{"id":9276,"date":"2021-12-12T20:48:28","date_gmt":"2021-12-12T19:48:28","guid":{"rendered":"http:\/\/sp1.zielonka.pl\/?page_id=9276"},"modified":"2023-09-11T22:50:47","modified_gmt":"2023-09-11T20:50:47","slug":"wos","status":"publish","type":"page","link":"http:\/\/sp1.zielonka.pl\/index.php\/wos\/","title":{"rendered":"WOS"},"content":{"rendered":"\n<p>Kliknij \u017ceby wr\u00f3ci\u0107 do <a href=\"http:\/\/sp1.zielonka.pl\/index.php\/wymagania-na-poszczegolne-oceny\/\">listy przedmiot\u00f3w<\/a><br \/><br \/><a href=\"http:\/\/sp1.zielonka.pl\/wp-content\/uploads\/2023\/09\/WOS_SP_4_8_WOS_kl_8_PSO.pdf\">WOS_SP_4_8_WOS_kl_8_PSO<\/a><br \/><br \/><\/p>\n","protected":false},"excerpt":{"rendered":"<p>Kliknij \u017ceby wr\u00f3ci\u0107 do listy przedmiot\u00f3w WOS_SP_4_8_WOS_kl_8_PSO<\/p>\n","protected":false},"author":4,"featured_media":0,"parent":0,"menu_order":0,"comment_status":"closed","ping_status":"closed","template":"","meta":[],"_links":{"self":[{"href":"http:\/\/sp1.zielonka.pl\/index.php\/wp-json\/wp\/v2\/pages\/9276"}],"collection":[{"href":"http:\/\/sp1.zielonka.pl\/index.php\/wp-json\/wp\/v2\/pages"}],"about":[{"href":"http:\/\/sp1.zielonka.pl\/index.php\/wp-json\/wp\/v2\/types\/page"}],"author":[{"embeddable":true,"href":"http:\/\/sp1.zielonka.pl\/index.php\/wp-json\/wp\/v2\/users\/4"}],"replies":[{"embeddable":true,"href":"http:\/\/sp1.zielonka.pl\/index.php\/wp-json\/wp\/v2\/comments?post=9276"}],"version-history":[{"count":4,"href":"http:\/\/sp1.zielonka.pl\/index.php\/wp-json\/wp\/v2\/pages\/9276\/revisions"}],"predecessor-version":[{"id":14051,"href":"http:\/\/sp1.zielonka.pl\/index.php\/wp-json\/wp\/v2\/pages\/9276\/revisions\/14051"}],"wp:attachment":[{"href":"http:\/\/sp1.zielonka.pl\/index.php\/wp-json\/wp\/v2\/media?parent=9276"}],"curies":[{"name":"wp","href":"https:\/\/api.w.org\/{rel}","templated":true}]}}