{"id":4983,"date":"2020-03-12T15:59:19","date_gmt":"2020-03-12T14:59:19","guid":{"rendered":"http:\/\/sp1.zielonka.pl\/?page_id=4983"},"modified":"2023-09-11T22:28:35","modified_gmt":"2023-09-11T20:28:35","slug":"klasa-2","status":"publish","type":"page","link":"http:\/\/sp1.zielonka.pl\/index.php\/klasa-2\/","title":{"rendered":"Klasa 2"},"content":{"rendered":"<p>Kliknij \u017ceby wr\u00f3ci\u0107 do <a href=\"http:\/\/sp1.zielonka.pl\/index.php\/wymagania-na-poszczegolne-oceny\/\">listy przedmiot\u00f3w<\/a><\/p>\n<p><a href=\"http:\/\/sp1.zielonka.pl\/wp-content\/uploads\/2023\/09\/Wymagania-edukacyjne-kl-2.pdf\">Wymagania edukacyjne kl 2<\/a><\/p>\n<p><a href=\"http:\/\/sp1.zielonka.pl\/wp-content\/uploads\/2023\/09\/wymagania-edukacyjne-dla-klasy-2.pdf\">J\u0119zyk angielski -wymagania edukacyjne dla klasy 2<\/a><br \/>\n<a href=\"http:\/\/sp1.zielonka.pl\/wp-content\/uploads\/2021\/12\/WYMAGANIA-Z-RELIGII-DLA-KLASY-II.pdf\">WYMAGANIA Z RELIGII DLA KLASY II<\/a><\/p>\n","protected":false},"excerpt":{"rendered":"<p>Kliknij \u017ceby wr\u00f3ci\u0107 do listy przedmiot\u00f3w Wymagania edukacyjne kl 2 J\u0119zyk angielski -wymagania edukacyjne dla klasy 2 WYMAGANIA Z RELIGII DLA KLASY II<\/p>\n","protected":false},"author":3,"featured_media":0,"parent":0,"menu_order":0,"comment_status":"closed","ping_status":"closed","template":"","meta":[],"_links":{"self":[{"href":"http:\/\/sp1.zielonka.pl\/index.php\/wp-json\/wp\/v2\/pages\/4983"}],"collection":[{"href":"http:\/\/sp1.zielonka.pl\/index.php\/wp-json\/wp\/v2\/pages"}],"about":[{"href":"http:\/\/sp1.zielonka.pl\/index.php\/wp-json\/wp\/v2\/types\/page"}],"author":[{"embeddable":true,"href":"http:\/\/sp1.zielonka.pl\/index.php\/wp-json\/wp\/v2\/users\/3"}],"replies":[{"embeddable":true,"href":"http:\/\/sp1.zielonka.pl\/index.php\/wp-json\/wp\/v2\/comments?post=4983"}],"version-history":[{"count":7,"href":"http:\/\/sp1.zielonka.pl\/index.php\/wp-json\/wp\/v2\/pages\/4983\/revisions"}],"predecessor-version":[{"id":14032,"href":"http:\/\/sp1.zielonka.pl\/index.php\/wp-json\/wp\/v2\/pages\/4983\/revisions\/14032"}],"wp:attachment":[{"href":"http:\/\/sp1.zielonka.pl\/index.php\/wp-json\/wp\/v2\/media?parent=4983"}],"curies":[{"name":"wp","href":"https:\/\/api.w.org\/{rel}","templated":true}]}}